-2)?
-25
Let m(t) = 4*t**3 - 4*t**2 + 3*t + 1. What is m(3)?
82
Let w(v) = -48*v + 233. What is w(5)?
-7
Let u(p) = p**3 - 18*p**2 + 18*p - 2. Calculate u(17).
15
Let j(m) = 3*m**2 + 44*m + 34. Calculate j(-14).
6
Let x(h) = h**3 + 13*h**2 + 12*h + 5. Calculate x(-12).
5
Let v(n) = -n**3 - 41*n**2 - 267*n - 103. Give v(-33).
-4
Let v(j) = j**2 + 2. Calculate v(-2).
6
Let w(p) = -4*p + 1. Calculate w(2).
-7
Let k(w) = 5*w - 53. Calculate k(16).
27
Let m(i) = i**3 + 8*i**2 + 5*i + 1. What is m(-4)?
45
Let p(d) = -d**3 + 8*d**2 - 8*d - 3. Determine p(6).
21
Let n(h) = h**3 - 2*h**2 - 2*h + 6. Calculate n(0).
6
Let f(o) = o - 24. Give f(0).
-24
Let s(a) = -16*a + 2. Determine s(-1).
18
Let i(d) = -8*d**2 - 159*d + 18. What is i(-20)?
-2
Let j(z) = -2*z**2 - 2*z - 1. Determine j(2).
-13
Let g(x) = -28*x**2 + 112*x - 2. Determine g(4).
-2
Let h(f) = f**2 - 62*f + 512. What is h(52)?
-8
Let s(g) = -25*g**2 + g + 2. Calculate s(-1).
-24
Let b(o) = 3*o**2 + 13*o - 23. Determine b(-6).
7
Let x(t) = t**3 - 2*t**2 - 5*t - 1. Determine x(-2).
-7
Let f(g) = -4*g - 21. What is f(-10)?
19
Let g(w) = w**2 - 7*w - 16. Calculate g(8).
-8
Let f(l) = l**3 - 7*l**2 - l - 5. Give f(8).
51
Let u(a) = -3*a**3 - a**2 - 2*a - 3. Give u(-2).
21
Let q(s) = 2*s + 9. What is q(-6)?
-3
Let f(a) = -36*a + 14. What is f(3)?
-94
Let x(j) = -18*j + 11. Determine x(3).
-43
Let r(h) = -h**3 - 6*h**2 - 4*h + 3. Calculate r(-3).
-12
Let u(o) = -31*o - 465. Determine u(-15).
0
Let b(d) = d**3 - 4*d**2 - 2*d. Determine b(3).
-15
Let b(w) = w**3 - 9*w**2 - 10*w - 6. Calculate b(10).
-6
Let h(z) = z**2 - 27*z + 35. What is h(26)?
9
Let z(k) = -k**3 - k**2 - 3*k - 1. Give z(-3).
26
Let q(o) = -4*o - 25. Calculate q(-12).
23
Let x(z) = -z**2 + 13*z + 33. What is x(15)?
3
Let m(c) = -6*c + 7. Give m(0).
7
Let g(x) = x**3 - 5*x**2 - 14*x + 32. Give g(6).
-16
Let a(t) = t**2 - 7*t + 4. Give a(5).
-6
Let f(x) = -10*x + 64. Give f(7).
-6
Let r(s) = s**2 - 14*s + 18. Give r(10).
-22
Let a(g) = -2*g + 17. Determine a(19).
-21
Let n(z) = -2*z + 10. Calculate n(5).
0
Let t(d) = -d**3 - 5*d**2 - 14*d - 31. What is t(-3)?
-7
Let n(m) = -2*m**3 - 7*m**2 - 2*m + 3. Determine n(-3).
0
Let w(r) = -3*r - 71. Determine w(-19).
-14
Let c(u) = u**3 + 8*u**2 - 9*u - 13. Calculate c(-9).
-13
Let b(f) = f**3 + 11*f**2 + 18*f + 2. Calculate b(-9).
2
Let h(t) = t + 12. Determine h(17).
29
Let t(n) = -2*n**2 - 2*n - 4. What is t(-3)?
-16
Let r(i) = i**3 - 10*i**2 - i + 7. Calculate r(10).
-3
Let n(u) = 17*u + 38. Give n(-3).
-13
Let o(v) = v**3 + 8*v**2 + 7*v. Calculate o(-7).
0
Let p(m) = m**2 + 2*m - 16. Give p(-7).
19
Let z(b) = b**3 - 10*b**2 + 8*b - 13. Give z(9).
-22
Let m(d) = d**3 - d**2 - 9*d + 14. Determine m(3).
5
Let d(b) = b + 17. What is d(-18)?
-1
Let u(h) = -h**2 - 2. Calculate u(2).
-6
Let k(b) = b**3 - 9*b**2 - 18*b - 7. Determine k(10).
-87
Let n(l) = -14*l + 373. Calculate n(30).
-47
Let q(r) = -10*r + 6. Calculate q(0).
6
Let w(c) = -c**2 + 4*c - 20. What is w(5)?
-25
Let q(n) = n**2 - 16*n + 39. Calculate q(3).
0
Let f(o) = -157*o**2. Give f(-1).
-157
Let i(j) = j**3 - 23*j**2 + 61*j - 22. What is i(20)?
-2
Let k(m) = -m**3 - 11*m**2 - 7*m - 13. Give k(-10).
-43
Let i(m) = m**3 - 11*m**2 + 52*m - 417. Calculate i(10).
3
Let a(o) = -o**2 - 3*o - 5. What is a(-2)?
-3
Let x(l) = l**3 + 9*l**2 + 10*l + 10. What is x(-8)?
-6
Let p(t) = -t + 9. Determine p(7).
2
Let y(b) = b**3 + 4*b**2 - 2*b - 4. What is y(-3)?
11
Let y(w) = -w**3 - 75*w**2 + 150*w - 312. Give y(-77).
-4
Let v(y) = 2*y**3 - 2*y**2 + 59*y - 118. Give v(2).
8
Let z(a) = 9*a + 7. What is z(-1)?
-2
Let c(z) = z**3 + 14*z**2 - 3*z - 18. Determine c(-14).
24
Let s(a) = -16*a + 73. What is s(6)?
-23
Let d(y) = y**3 + 17*y**2 + 17*y + 21. What is d(-16)?
5
Let p(v) = -4*v**2 + 3*v + 4. Calculate p(-2).
-18
Let u(z) = -z**2 + 10*z + 2. Determine u(9).
11
Let t(w) = -w**3 - 21*w**2 - 22*w - 48. Determine t(-20).
-8
Let k(b) = b**3 - 6*b**2 - 2*b - 6. What is k(6)?
-18
Let d(m) = -m**3 + 4*m**2 + 3*m + 2. Give d(5).
-8
Let g(p) = p**3 + 20*p**2 - 45*p - 19. Give g(-22).
3
Let a(w) = -w**2 + 6*w + 9. What is a(8)?
-7
Let d(y) = 8*y**2 - 3*y + 4. Determine d(1).
9
Let s(k) = -2*k**2 + 5*k + 8. Calculate s(5).
-17
Let b(z) = z**3 + z**2 - z + 10. What is b(0)?
10
Let i(x) = -3*x + 2. What is i(0)?
2
Let l(i) = -17*i**2 - 2*i + 1. What is l(1)?
-18
Let d(v) = v**3 + v**2 + v + 8. Calculate d(0).
8
Let t(b) = -2*b - 16. Give t(-4).
-8
Let l(t) = 48*t - 5. Calculate l(-2).
-101
Let i(w) = 4*w - 164. Give i(41).
0
Let o(w) = -w**3 - 9*w**2 - w + 24. Determine o(-7).
-67
Let h(q) = -4*q - 2. Give h(-8).
30
Let s(d) = -d**3 + 3*d**2 + 2*d - 5. Calculate s(3).
1
Let j(s) = -s**3 + 18*s**2 - 16*s. Determine j(17).
17
Let z(q) = -23*q + 376. Give z(17).
-15
Let j(l) = 2*l**2 + 9*l - 5. Give j(-7).
30
Let o(x) = 7*x - 203. Determine o(28).
-7
Let n(w) = 2*w**2 - 8*w + 4. Determine n(5).
14
Let v(t) = t + 8. What is v(17)?
25
Let w(j) = 5*j - 99. What is w(23)?
16
Let t(c) = c - 7. Give t(16).
9
Let b(u) = 4*u - 14. What is b(-11)?
-58
Let j(g) = 3*g - 43. Calculate j(5).
-28
Let j(h) = -h**2 - 12*h - 16. What is j(-7)?
19
Let i(w) = -w**3 - 4*w**2 + 43*w - 17. Determine i(-9).
1
Let k(s) = 5*s - 108. Give k(23).
7
Let d(r) = -r**3 + 20*r**2 - 12*r - 125. Give d(19).
8
Let k(g) = g**3 - g**2 - g + 65. Calculate k(0).
65
Let s(o) = -7*o + 20. What is s(3)?
-1
Let r(x) = 3*x**3 - 2*x**2 - 3*x - 4. Give r(-2).
-30
Let l(w) = -w**3 + 4*w**2 + 36*w - 11. Give l(8).
21
Let h(z) = z**3 + 7*z**2 + 8*z + 17. Calculate h(-7).
-39
Let v(a) = -6*a - 14. Determine v(-3).
4
Let w(s) = -s**3 - 6*s**2 + 5*s - 9. Determine w(-7).
5
Let z(s) = -s**2 - 12*s - 15. Give z(-10).
5
Let f(a) = -a**2 + 4*a + 5. What is f(5)?
0
Let o(g) = 6*g + 21. What is o(-2)?
9
Let w(y) = -y**3 - 10*y**2 - 11*y - 9. Calculate w(-9).
9
Let v(i) = -2*i - 30. What is v(-17)?
4
Let i(r) = -5*r - 68. Determine i(-12).
-8
Let o(m) = -7*m**2 - 35*m - 1. Give o(-5).
-1
Let d(y) = -y**3 + 11*y**2 + 11*y + 17. What is d(12)?
5
Let x(q) = -6*q**2 + 9. Give x(-2).
-15
Let t(d) = d**2 + 10*d - 18. Determine t(-14).
38
Let x(u) = -8*u**2 - 82*u - 32. Give x(-10).
-12
Let y(z) = 9*z**3 - 7*z + 7. Calculate y(1).
9
Let z(v) = v**3 - 7*v**2 + v. Give z(7).
7
Let s(g) = 2*g**2 - 9*g - 8. Calculate s(5).
-3
Let m(v) = v**3 + 8*v**2 + 9*v + 16. Give m(-7).
2
Let i(s) = -s**3 - 6*s**2 + 9*s + 2. What is i(-7)?
-12
Let n(s) = s**2 - 19*s - 46. What is n(22)?
20
Let v(d) = 3*d + 90. Give v(-30).
0
Let j(d) = -47*d + 704. Give j(15).
-1
Let w(a) = -a**3 + 11*a**2 - 23*a + 18. What is w(9)?
-27
Let w(m) = -m**3 + 12*m**2 - 9*m - 14. Give w(11).
8
Let m(t) = t**2 - 8*t - 1. Determine m(7).
-8
Let y(a) = -2*a - 9. Calculate y(0).
-9
Let i(h) = 17*h**3 - h**2 + h + 2. Give i(-1).
-17
Let a(r) = -r + 10. What is a(10)?
0
Let d(q) = q**3 + 51*q**2 + 186*q - 100. Determine d(-47).
-6
Let a(i) = i**2 + 7*i + 12. Calculate a(-5).
2
Let y(a) = a**2 - 33*a + 119. Calculate y(29).
3
Let v(b) = b**2 - 20*b - 56. Calculate v(31).
285
Let n(t) = t**3 + 7*t**2 - 12*t + 22. What is n(-10)?
-158
Let k(d) = -d**3 + 7*d**2 - 16*d - 1. Calculate k(3).
-13
Let r(m) = m**3 - 5*m**2. Give r(5).
0
Let p(u) = -u**3 + 14*u**2 + 13*u + 19. Calculate p(15).
-11
Let z(b) = b**3 + 3*b**2 + b + 4. Calculate z(-3).
1
Let k(z) = -z**3 - 6*z**2 + 12*z + 39. Calculate k(-7).
4
Let i(z) = 2*z**2 - 6*z - 6. Determine i(-1).
2
Let s(i) = -i**2 - 10*i - 20. Determine s(-9).
-11
Let g(y) = 5*y + 6. Give g(-9).
-39
Let v(p) = 3*p + 20. What is v(-8)?
-4
Let q(r) = r - 2. Determine q(9).
7
Let s(x) = -2*x**2 - 27*x + 102. Determine s(-16).
22
Let v(y) = -y**3 - 5*y**2 - y + 7. What is v(-3)?
-8
Let k(n) = -n**2 - 35*n - 41. Give k(-34).
-7
Let n(v) = -v**2 + 4*v + 12. Calculate n(7).
-9
Let d(q) = -q**2 - 23*q + 49. Determine d(-22).
71
Let t(x) = -12*x - 3. Determine t(3).
-39
Let n(r) = -r**3 - 6*r**2 + 8*r - 5. Determine n(-7).
-12
Let j(i) = -i**3 + 6*i**2 - 6*i + 9. Determine j(5).
4
Let l(p) = p**3 - 7*p**2 - 2*p - 1. Give l(0).
-1
Let m(q) = 11*q + 22. Calculate m(-3).
-11
Let l(v) = v**3 - 6*v**2 + 4*v + 13. Determine l(4).
-3
Let z(p) = p**3 + 6*p**2 + 7*p + 5. Calculate z(-5).
-5
Let a(u) = -u**3 + 8*u**2 - 11*u - 6. Calculate a(6).
0
Let o(x)